 digit of 2149684?
1
What is the millions digit of 10521285?
0
What is the tens digit of 37872?
7
What is the units digit of 285405?
5
What is the units digit of 19536702?
2
What is the hundreds digit of 1298653?
6
What is the tens digit of 2878415?
1
What is the units digit of 650043?
3
What is the ten thousands digit of 430543?
3
What is the hundreds digit of 489066?
0
What is the ten millions digit of 20430964?
2
What is the hundred thousands digit of 1213177?
2
What is the millions digit of 27758621?
7
What is the millions digit of 13835906?
3
What is the hundreds digit of 146714?
7
What is the ten thousands digit of 1983553?
8
What is the hundred thousands digit of 163669?
1
What is the thousands digit of 1926133?
6
What is the hundreds digit of 9164225?
2
What is the thousands digit of 466183?
6
What is the units digit of 585558?
8
What is the hundred thousands digit of 447860?
4
What is the hundreds digit of 18309549?
5
What is the hundred thousands digit of 555908?
5
What is the hundred thousands digit of 10766943?
7
What is the millions digit of 11838966?
1
What is the thousands digit of 59849?
9
What is the ten thousands digit of 96570?
9
What is the units digit of 941782?
2
What is the tens digit of 11999803?
0
What is the ten thousands digit of 15213215?
1
What is the hundred thousands digit of 1746705?
7
What is the hundred thousands digit of 1692539?
6
What is the tens digit of 10055415?
1
What is the hundreds digit of 1350231?
2
What is the thousands digit of 1354047?
4
What is the millions digit of 9825690?
9
What is the tens digit of 14374707?
0
What is the hundreds digit of 2645177?
1
What is the tens digit of 456171?
7
What is the millions digit of 5314160?
5
What is the millions digit of 4658673?
4
What is the tens digit of 28312989?
8
What is the units digit of 737258?
8
What is the hundreds digit of 756961?
9
What is the hundreds digit of 557800?
8
What is the thousands digit of 169674?
9
What is the thousands digit of 2419522?
9
What is the hundred thousands digit of 816633?
8
What is the tens digit of 2855246?
4
What is the tens digit of 5528231?
3
What is the hundred thousands digit of 22113904?
1
What is the tens digit of 2057264?
6
What is the units digit of 93542?
2
What is the thousands digit of 538112?
8
What is the units digit of 9706723?
3
What is the hundred thousands digit of 745507?
7
What is the hundred thousands digit of 348244?
3
What is the hundreds digit of 229454?
4
What is the thousands digit of 7009?
7
What is the hundreds digit of 6295935?
9
What is the tens digit of 1166347?
4
What is the thousands digit of 1114991?
4
What is the hundred thousands digit of 12445067?
4
What is the hundreds digit of 12695846?
8
What is the hundreds digit of 8385087?
0
What is the hundred thousands digit of 247459?
2
What is the hundred thousands digit of 748179?
7
What is the units digit of 8782235?
5
What is the hundreds digit of 1903736?
7
What is the thousands digit of 401092?
1
What is the thousands digit of 606322?
6
What is the thousands digit of 3102867?
2
What is the thousands digit of 7194588?
4
What is the units digit of 3629881?
1
What is the units digit of 1302761?
1
What is the millions digit of 4038639?
4
What is the hundreds digit of 21071831?
8
What is the thousands digit of 210694?
0
What is the thousands digit of 4809741?
9
What is the units digit of 1048908?
8
What is the tens digit of 273356?
5
What is the hundred thousands digit of 2052188?
0
What is the units digit of 5115023?
3
What is the ten thousands digit of 10794?
1
What is the hundred thousands digit of 395784?
3
What is the hundreds digit of 9831797?
7
What is the hundred thousands digit of 231662?
2
What is the thousands digit of 3659162?
9
What is the ten thousands digit of 15753880?
5
What is the ten millions digit of 10190160?
1
What is the tens digit of 325697?
9
What is the hundred thousands digit of 362761?
3
What is the thousands digit of 1663560?
3
What is the millions digit of 20858094?
0
What is the ten thousands digit of 1893211?
9
What is the thousands digit of 8188462?
8
What is the hundred thousands digit of 1920611?
9
What is the ten thousands digit of 1032119?
3
What is the units digit of 219784?
4
What is the units digit of 555816?
6
What is the hundred thousands digit of 247607?
2
What is the tens digit of 1232080?
8
What is the hundred thousands digit of 237914?
2
What is the tens digit of 274992?
9
What is the ten thousands digit of 9636479?
3
What is the hundred thousands digit of 113357?
1
What is the hundred thousands digit of 133310?
1
What is the ten thousands digit of 980178?
8
What is the tens digit of 8781643?
4
What is the ten thousands digit of 819590?
1
What is the hundreds digit of 1997082?
0
What is the thousands digit of 7769122?
9
What is the units digit of 681412?
2
What is the thousands digit of 86875?
6
What is the ten millions digit of 12837942?
1
What is the hundreds digit of 283643?
6
What is the ten thousands digit of 75378?
7
What is the ten thousands digit of 179781?
7
What is the tens digit of 120496?
9
What is the hundred thousands digit of 550783?
5
What is the units digit of 24639?
9
What is the ten thousands digit of 849766?
4
What is the ten thousands digit of 91509?
9
What is the hundreds digit of 689733?
7
What is the ten thousands digit of 168015?
6
What is the hundred thousands digit of 794337?
7
What is the thousands digit of 14022803?
2
What is the units digit of 598413?
3
What is the thousands digit of 28368727?
8
What is the tens digit of 766980?
8
What is the millions digit of 18823975?
8
What is the thousands digit of 1054753?
4
What is the hundred thousands digit of 9215656?
2
What is the thousands digit of 752947?
2
What is the tens digit of 228671?
7
What is the millions digit of 13152922?
3
What is the tens digit of 216554?
5
What is the hundreds digit of 14453?
4
What is the millions digit of 4798294?
4
What is the hundred thousands digit of 620854?
6
What is the units digit of 507544?
4
What is the hundred thousands digit of 2377628?
3
What is the millions digit of 7405782?
7
What is the tens digit of 364501?
0
What is the millions digit of 31709774?
1
What is the hundred thousands digit of 19507798?
5
What is the tens digit of 2769346?
4
What is the tens digit of 23394179?
7
What is the units digit of 221120?
0
What is the millions digit of 3402040?
3
What is the units digit of 11649016?
6
What is the hundreds digit of 9070166?
1
What is the units digit of 427377?
7
What is the thousands digit of 8675449?
5
What is the hundreds digit of 211919?
9
What is the ten thousands digit of 21277807?
7
What is the ten thousands digit of 87079?
8
What is the thousands digit of 687391?
7
What is the tens digit of 254824?
2
What is the millions digit of 26039258?
6
What is the hundred thousands digit of 13618344?
6
What is the hundred thousands digit of 186083?
1
What is the hundred thousands digit of 227611?
2
What is the thousands digit of 318136?
8
What is the tens digit of 1759177?
7
What is the units digit of 501145?
5
What is the hundreds digit of 937063?
0
What is the thousands digit of 114290?
4
What is the thousands digit of 322215?
2
What is the ten thousands digit of 415738?
1
What is the hundreds digit of 1904377?
3
What is the units digit of 2011201?
1
What is the hundred thousands digit of 110114?
1
What is the hundreds digit of 445445?
4
What is the units digit of 2071235?
5
What is the units digit of 22072685?
5
What is the millions digit of 2615236?
2
What is the ten thousands digit of 843556?
4
What is the ten millions digit of 10147496?
1
What is the units digit of 6360663?
3
What is the units digit of 1886625?
5
What is the hundred thousands digit of 624750?
6
What is the hundred thousands digit of 14202228?
2
What is the hundreds digit of 272073?
0
What is the hundred thousands digit of 1778449?
7
What is the units digit of 1517925?
5
What is the ten thousands digit of 169513?
6
What is the units digit of 1038457?
7
What is the tens digit of 678766?
6
What is the tens digit of 3629748?
4
What is the millions digit of 14666005?
4
What is the ten thousands digit of 235291?
3
What is the millions digit of 2410006?
2
What is the millions digit of 20805824?
0
What